ivisor of 51 and b?
51
Let k be (51/(-6))/((-105)/(-108) + -1). What is the highest common factor of 18 and k?
18
Let h be (8/12)/(1/9). Suppose -h*x + 11*x = 340. What is the greatest common factor of x and 17?
17
Suppose 0 = 2*i + 75 - 5. Let h = 54 + i. Suppose 13 - h = -b. What is the highest common divisor of 6 and b?
6
Suppose -2*f + 523 = 3*r - 82, -f + 280 = -3*r. Suppose -t + 77 = 2*o, -3*o - 2*o = -4*t + f. Calculate the greatest common divisor of 50 and t.
25
Let u = -202 - -208. What is the greatest common divisor of 90 and u?
6
Let g(q) = -q**3 - 2*q**2 + 3*q. Let z be 10/(-4) + (-5)/10. Let t be g(z). Suppose t = 5*i - 0*i - 55. What is the highest common factor of i and 77?
11
Let y be 6/((0 + -7 + 1)/(-6)). What is the highest common divisor of y and 14?
2
Let k(s) be the second derivative of 13/2*s**2 + 6*s + 0 - 1/6*s**3. Let d be k(5). Calculate the highest common factor of d and 40.
8
Let u = -3 - 7. Let v = 34 - u. Let b be (-2 + 13)/(1*(1 - 0)). Calculate the highest common divisor of b and v.
11
Let x be (-4)/(-10) + (-1518)/(-5). Calculate the highest common divisor of 16 and x.
16
Let x = -7 + 5. Suppose -6*i - 5 = -i, 167 = 4*c + i. Let y be 3/x*(-280)/c. What is the highest common divisor of 50 and y?
10
Let f(n) = -7*n + 63. Let r be f(3). What is the highest common factor of r and 78?
6
Let k(a) = 4*a**2 - 3*a - 4. Let o be k(2). Calculate the highest common divisor of 24 and o.
6
Suppose -10*n = -10 - 0. Let b be ((-12)/(-2))/3*n + 262. What is the greatest common factor of b and 24?
24
Suppose x + 4*g + 7 = 0, -x - 3*g - 1 - 3 = 0. Calculate the greatest common divisor of 20 and x.
5
Suppose -r + 0 = -2. Suppose -k - r*k = 27. Let j = 16 + k. What is the greatest common divisor of j and 56?
7
Let u = 2160 + -1569. What is the greatest common divisor of u and 3?
3
Let t be ((-720)/(-200))/(2/10). Calculate the highest common factor of 42 and t.
6
Suppose 8*w + 21*w - 4350 = 0. What is the highest common factor of 50 and w?
50
Suppose 14*v + 813 - 2633 = 0. Let c = -76 + v. Calculate the greatest common factor of 81 and c.
27
Let b be (-2 - -42) + 10 + -14. Suppose 21*k - 16*k - 60 = 0. Calculate the highest common divisor of b and k.
12
Let r be 0/1*(-3)/3. Suppose r = -5*b - 13 + 43. What is the greatest common divisor of b and 24?
6
Suppose 25*x - 10*x - 75 = 0. What is the greatest common factor of 255 and x?
5
Let i(g) = -g + 15. Suppose v - 4*v = 2*s - 21, -3*v + 15 = s. Let y be i(s). Calculate the highest common divisor of y and 36.
9
Let p be (-1)/((-10)/422) - (-6)/(-30). Calculate the highest common factor of 378 and p.
42
Suppose 4*i = 3*v + 98 - 24, 4 = -2*v. Suppose 28 = 5*h - i. What is the greatest common factor of 72 and h?
9
Let w(a) = -a**3 - 10*a**2 - a + 29. Let r be w(-10). Calculate the highest common factor of r and 3.
3
Let a(x) = -x - 8. Let t be a(6). Let w be 2408/98 - (-8)/t. Calculate the highest common divisor of 6 and w.
6
Let o be -6 - 296/(-48) - (-35)/6. Let g(p) = -3*p**3 - 5*p**2 - 3*p - 3. Let l be g(-3). What is the greatest common factor of l and o?
6
Let i be 32/(-10) + (-20)/25 - -179. What is the highest common factor of 100 and i?
25
Suppose a = 5*j + 4, 4*j = 5*a - 22 - 61. Calculate the greatest common divisor of 76 and a.
19
Let l = 72 - -4. Let h = l - 4. Suppose 9 = -11*r + 12*r. Calculate the highest common factor of r and h.
9
Let b be 1/5*2 + (-2332)/(-20). Suppose 5*f - 6*x + 2*x = 49, -2*x + 34 = 2*f. Calculate the highest common factor of b and f.
13
Suppose -4*i + 2*w = -42, 4*i - 47 = -6*w + 9*w. Let r = 17 - 9. Let o be (-5)/(10/r)*-1. What is the greatest common divisor of i and o?
4
Suppose -7*g = -4*g + 3, 2*t - 3*g - 41 = 0. What is the greatest common divisor of 1444 and t?
19
Suppose -2*z + 12 - 6 = 0. Suppose -t - 43 = -f - 0*f, -z*t - 15 = 0. Suppose 8*l - 394 = 366. What is the greatest common factor of l and f?
19
Let o(h) = 8*h - 37. Suppose -2*j + g - 4*g + 12 = 0, -3*j = -2*g - 18. Let v be o(j). What is the greatest common factor of v and 44?
11
Suppose 76 - 370 = -7*o. Let r be (1*-3)/((-3)/105). What is the greatest common divisor of o and r?
21
Suppose -79*p + 78*p = -9. Let m(u) = 2*u**2 + 6*u + 1. Let h be m(-8). Calculate the highest common divisor of h and p.
9
Let v = 27 + -7. Let i(n) = n**2 - 3*n + 12. Let u be i(-13). What is the greatest common factor of v and u?
20
Let t(y) = 1392*y + 80. Let f be t(3). What is the highest common factor of f and 133?
133
Let y be -11 + 25 - 0/1. What is the highest common factor of y and 21?
7
Suppose -2*g + 42 = 2*c, -2*g = -4*g - 3*c + 39. Suppose 14*i + 21*i - 280 = 0. Calculate the greatest common divisor of i and g.
8
Suppose 7*f - 4*f + 4*h - 24 = 0, 0 = h - 3. What is the greatest common factor of 196 and f?
4
Suppose -5*q + 4 = -z + 7, 2*q = 2. Let c be (-12)/(-8) - (-116)/z. What is the highest common factor of c and 16?
16
Let l(n) = n**3 + 8*n**2 + 5*n - 7. Let q be l(-7). Suppose g = -0*g + q. What is the highest common factor of g and 49?
7
Suppose 0 = -2*d + 8*d + 60. Let k be (-1)/(5/2) + (-44)/d. Calculate the highest common factor of 20 and k.
4
Suppose v - 50 = -4*x, -14*v - 54 = -4*x - 17*v. What is the greatest common divisor of 750 and x?
6
Suppose 4*t + 2*y - 68 = 0, 4*t - 4*y + 28 = 6*t. What is the highest common divisor of 18 and t?
18
Let y = 87 + -21. Let d(r) = -4*r + 23. Let p be d(5). Suppose -2*k - 4*b - b = -27, 0 = k - p*b + 3. Calculate the highest common factor of k and y.
6
Let y(d) = 14*d**2 - d + 2. Let l be y(2). Let c be (-2 + 5)*(-168)/(-36). What is the greatest common divisor of l and c?
14
Let p be (39 - 0)*1/(-3). Let y = -25 - p. Let m be (-111)/y - (-3)/(-12). Calculate the highest common factor of 3 and m.
3
Suppose -8*m - 3 = -5*m, -r + 20 = -2*m. Let w(u) = u**2 + 4*u + 6. Let j be w(-7). What is the highest common divisor of r and j?
9
Let k(q) = -q + 18. Let r(o) = 5 - 1 - 5*o + 0*o**3 - o - 6*o**2 + o**3. Let s be r(7). Let l be k(s). What is the greatest common factor of 49 and l?
7
Suppose 5*c = 4*d + 18 + 22, -2*c + 4*d = -16. Suppose -a = a + c. Let p be (9/a)/((-1)/24). What is the greatest common factor of p and 36?
18
Let p be 540/100 - 2/5. Suppose -p*r + 3*u + 1209 = -0*u, 3*r = -3*u + 711. What is the greatest common factor of 30 and r?
30
Let f(l) = l**3 - 7*l**2 + 2*l + 4. Let h be f(7). What is the greatest common factor of h and 30?
6
Suppose -102 = -3*w + b, -77 = -5*w - 4*b + 76. Suppose 5*h - 18 = 5*q + 12, -4*h - 5*q = -w. Calculate the greatest common factor of 21 and h.
7
Let a(z) = z**3 + 6*z**2 + 5*z + 9. Let f be a(-6). Let k = 29 + f. Suppose 0 = -4*t - k, 8*c + 2*t - 164 = 4*c. What is the highest common divisor of c and 28?
14
Suppose 2*i + 30 = 2*w, 4*w + 55 = i + 109. Suppose o + 12 - 116 = 0. What is the greatest common divisor of o and w?
13
Let l = 2 + 6. Let p(o) = o - 1. Suppose 11 = 2*w - 5*v, 2*w + 0*w + 3*v = 3. Let i be p(w). What is the highest common divisor of l and i?
2
Suppose 2*f + 4*f - 72 = 0. Let m be (f/(-9))/((-7)/42). What is the highest common factor of m and 28?
4
Let c(q) = -q**2 - 9*q - 10. Let s be c(-9). Let h = -2 - s. Let f(a) = a + 3. Let g be f(h). Calculate the greatest common divisor of 77 and g.
11
Let a = 22 + -21. Let z be a/((3/(-6))/1). Let f be (2 - z)*(-30)/(-12). Calculate the highest common divisor of 40 and f.
10
Let t(d) be the third derivative of -d**4/24 + 5*d**3/3 - d**2. Let f be t(6). What is the highest common divisor of f and 20?
4
Suppose 258 = -33*z + 36*z + 5*m, 0 = 5*z - 5*m - 390. Calculate the highest common factor of z and 288.
9
Let t = -256 - -498. Let h = 9 + -4. Suppose a + 73 = 5*a - h*g, 0 = -a + 2*g + 16. Calculate the greatest common factor of t and a.
22
Let t(k) = 3*k - 4. Let y be 12/4*(1 + 0). Let v be t(y). Suppose 2*p - 24 = -5*q, v*q + 0*q - 5*p = 45. What is the greatest common factor of q and 24?
6
Let o be ((-8)/60*-3)/(3/45). Calculate the greatest common factor of 162 and o.
6
Suppose -5*h + 198 = 4*v, 0 = -2*v + 2*h - 9 + 117. What is the highest common divisor of 130 and v?
26
Let u = 290 + -143. Calculate the highest common factor of 49 and u.
49
Let r be ((-9)/1)/((-1)/(2/2)). Let z = 39 - r. What is the highest common divisor of z a